 when f is divided by 5.
3
Let u be ((-2)/(-4))/(1/12). Suppose -3*b = 3*y - u*b - 12, -y - 4*b = 6. Calculate the remainder when 4 is divided by y.
0
Let f = -5 + 5. Suppose 5*u = 3*w - 1 + 24, f = -3*u - 5*w + 41. Let v = 29 + -10. Calculate the remainder when v is divided by u.
5
Suppose 4*j - 587 = 5*r, 703 = 3*j + 2*j + 4*r. Calculate the remainder when j is divided by 29.
27
Suppose -3*m + 2 = -m. Let h be m/1 - (0 - 0). Calculate the remainder when 9 is divided by -1*18/(-3) - h.
4
Let m = 25 - 23. Suppose 0 = 3*d + 4*x - 68, -5*d - 2*x + 70 = -m*d. What is the remainder when d is divided by 13?
11
Let w = 40 - 11. Suppose s + 32 = -0. Let q = s - -48. Calculate the remainder when w is divided by q.
13
Let b(t) = 0*t**2 + 0*t**3 + t**3 + 4 - 4*t**2 - 8*t. What is the remainder when b(6) is divided by 10?
8
What is the remainder when 34 is divided by 4 + -2 - 3 - -10?
7
Suppose -5*d = -5, -2*j = 3*d - 23 - 26. Calculate the remainder when 67 is divided by j.
21
Calculate the remainder when 34 is divided by ((-13)/4)/((-6)/24).
8
Let b = 9 - 17. Let d(p) = -11*p - 4. Let n be d(b). Suppose 5*m - n = 2*s, -4*s + 2*s + 78 = 4*m. What is the remainder when m is divided by 10?
8
Let y = -10 + 15. Suppose -4*d = -4*o + y*o - 40, 3*d + o = 31. Calculate the remainder when d is divided by 7.
2
Let n(f) = f**3 - 12*f**2 + 15*f - 2. Let y be n(11). Suppose 4*c = c + y. Calculate the remainder when 27 is divided by c.
13
Suppose 2*n + 0*n + 8 = 0, 2*n = 2*k - 14. What is the remainder when 38 is divided by (-120)/(-4)*2/k?
18
What is the remainder when (-789)/(-27) + (-16)/72 is divided by 12?
5
Suppose -5 = -3*w - 0*d - 2*d, -3*w - 4*d = 5. Suppose 30 = w*o + 10. Suppose -3*v + o = -v. Calculate the remainder when 2 is divided by v.
0
What is the remainder when 15*2 + (2 - 1) is divided by 8/((1/2)/1)?
15
Let g(z) = -z + 12. Suppose q + 8 = 5*q. Calculate the remainder when (7 - 29)*q/(-2) is divided by g(0).
10
Let f = -17 - -97. Calculate the remainder when f is divided by 27.
26
Let b(i) = 6*i - 74. What is the remainder when 26 is divided by b(14)?
6
Suppose -6 = -5*h - 3*q, -q - 11 - 7 = -5*h. Calculate the remainder when 3 is divided by h.
0
Let i(w) = -3*w - 2. Calculate the remainder when (4 + -16)*-2 - -4 is divided by i(-4).
8
Suppose 413 = 5*t - 3*n, -6*n = -t - 2*n + 69. Calculate the remainder when t is divided by 22.
19
Suppose 4*x + 157 = -2*b + 5*b, -5*x + 143 = 2*b. Calculate the remainder when b is divided by -2*(13/(-2) + -1).
14
Let z = -73 + 89. Calculate the remainder when 27 is divided by z.
11
Suppose a - 17 = -4. What is the remainder when 36 is divided by a?
10
Suppose -3*b + 7*v + 1 = 3*v, -2*v - 11 = -3*b. Suppose 1 = 2*o - b. Calculate the remainder when 10 is divided by o.
2
Let l(s) = s**2 - 4. Let v(r) = r + 7. Calculate the remainder when l(6) is divided by v(4).
10
Let x = 72 + -43. Suppose 0 = k - 26 - 6. Suppose -j = 4*r - 0*j - k, -3*j = 0. What is the remainder when x is divided by r?
5
Suppose 127 = 4*k + n, -4*k + 29 = -3*k + 3*n. What is the remainder when k is divided by 11?
10
Let c = -74 - -178. Suppose o + c = 5*o. Calculate the remainder when o is divided by (18/4)/((-4)/(-8)).
8
Suppose -u - 13 = x - 2*x, -21 = -3*x - 3*u. What is the remainder when 48 is divided by x?
8
Let q = 23 + -13. Calculate the remainder when 38 is divided by q.
8
Let y = -34 - -48. Suppose -13 = r - 40. What is the remainder when r is divided by y?
13
Let q(i) = -i + 47. Let h = -39 + 63. What is the remainder when q(0) is divided by h?
23
Calculate the remainder when (-1 - 2)*27/(5 - 6) is divided by 29.
23
Let x(z) = 3*z**2 + 2*z - 14. Calculate the remainder when 27 is divided by x(-3).
6
Let w = -5 + 7. Let q be 11/((1 - 2) + w). Let h = -1 + q. Calculate the remainder when 28 is divided by h.
8
Let u(g) = -g**2 - 2*g + g - 5 + 4 - 4*g**3. Suppose 4*a = 2*a - i + 1, 0 = -3*a - 3*i + 9. Calculate the remainder when u(a) is divided by 10.
9
Suppose -4*m + 3*o - 4 = 7*o, 0 = -4*m - 2*o. What is the remainder when 7 is divided by m - (-5 + (-3)/(-1))?
1
Let z(r) = r**3 - r**2 + 97. Let c be z(0). Suppose 0 = 3*x + c + 155. Calculate the remainder when x/(-10) + 8/(-20) is divided by 3.
2
Suppose -657 = -6*b - 3*b. Calculate the remainder when b is divided by 38.
35
What is the remainder when (-4)/(-10) - (-459)/15 is divided by 11?
9
Let q = -20 + 42. Suppose -5*c + q + 38 = 0. What is the remainder when 46 is divided by c?
10
Let y(g) = -g**3 - 4*g**2 + 6*g - 10. Suppose -4*l + 2*k = -2*l - 16, -2*l - k + 19 = 0. Calculate the remainder when y(-6) is divided by l.
8
Let r(x) = -x**3 + x**2 - 4*x. Let q(j) = -j**2 + 3*j + 7. Let p be q(5). Calculate the remainder when r(p) is divided by 17.
14
Suppose 3*f = -0*f. Suppose 3*h = 3*z + 42, f = -h - 4*z + 4 - 0. Let m = 19 + 3. Calculate the remainder when m is divided by h.
10
Let x = 2 - 7. Let l = x + 8. Suppose 12 = l*n - 30. Calculate the remainder when n is divided by 5.
4
Let i = -132 - -90. Let q = 62 + i. Suppose -4*d + 60 = 4*w, 6*w + q = w. What is the remainder when 37 is divided by d?
18
Let b(y) = 19*y - 1. Suppose 20 = 4*d, 0*d - 2 = 3*g - d. Let c be b(g). Let v = 1 + c. Calculate the remainder when v is divided by 7.
5
Suppose 3*u - 9 = -0*u. Suppose 4*o - 68 = -2*z, o + z + 3*z = u. What is the remainder when o is divided by 11?
8
Suppose 0 = -q - 5, 4*m + 2*q - 4*q - 302 = 0. Calculate the remainder when m is divided by 19.
16
Let h(a) = 10*a**2 + 2 + 11*a**2 - 3. Calculate the remainder when 58 is divided by h(-1).
18
Let w(b) = 9*b + 1. What is the remainder when w(2) is divided by 11?
8
Let s = 147 + 30. Suppose -a + 5*p = -6*a - 285, 5*p + s = -3*a. What is the remainder when 2*(-1 - a/4) is divided by 13?
12
Suppose 21 = q - 0*q. Let c(k) = -k**3 - 15*k**2 + 10*k - 88. What is the remainder when q is divided by c(-16)?
5
Let z = -4 - -7. Calculate the remainder when 7 is divided by z.
1
Let c = 8 + -5. Suppose -116 = -c*t - t. Calculate the remainder when t is divided by 10.
9
Let i(h) = -31*h - 5. Let n(t) = -15*t - 2. Let s(d) = -4*i(d) + 10*n(d). Let a = 18 - 4. What is the remainder when s(-1) is divided by a?
12
Suppose 2*r + 5*i - 6 + 2 = 0, -i - 28 = 4*r. Let k(f) = f**2 + 6*f - 6. Calculate the remainder when 4/(-10) + (-147)/(-5) is divided by k(r).
9
Let n(r) be the second derivative of -r**5/10 + r**4/3 + 2*r**3/3 + r**2 - r. Let v be n(-2). Let w = v - 9. Calculate the remainder when w is divided by 9.
8
Let s(k) = 12*k + 3. Let w = -8 + 8. Suppose -5*g + 20 = -w*g. Calculate the remainder when s(g) is divided by 13.
12
Suppose 2 = g - 0*g. Suppose l + 2 = -0*c + 5*c, 2*l + 3*c = 9. Calculate the remainder when l is divided by g.
1
Suppose -5*t - 310 = -g, -5*t - 158 = -2*t + 5*g. Let n = 103 + t. Let p = n - 17. What is the remainder when p is divided by 13?
12
Let l = 11 + 12. What is the remainder when 63 is divided by l?
17
Let j be (-12)/30 - (-8)/(-5). Let w(s) = -3*s - 3. Calculate the remainder when 8 is divided by w(j).
2
Suppose -b + 24 = 3*b. Suppose 5*u + 35 = v + 4*v, -3*u - b = 0. Calculate the remainder when 13 is divided by v.
3
Let q(z) = -z**3 + 6*z**2 - 4*z + 1. Let s be q(5). What is the remainder when (s/2)/((-15)/(-40)) is divided by 3?
2
Let l(f) = f**3 + 2*f**2 - 3*f - 1. What is the remainder when 103 is divided by l(3)?
33
Let m = 9 - 4. Suppose -o + 12 = 5*j, 5*o - 10 = -3*j + 6. What is the remainder when m is divided by o?
1
Suppose 4*c - 104 = -3*x, 2*c + 5*x - 89 = -c. Let o = -55 + 98. What is the remainder when o is divided by c?
20
What is the remainder when 149 is divided by 41 + (0 + 2 - 5)?
35
Suppose 770 = 3*u - 8*u. Let i = u - -280. Calculate the remainder when i is divided by 32.
30
Let d = 45 - 40. Suppose -4*a = -u - 5, 0 = -4*a - 3 + 11. What is the remainder when d is divided by u?
2
Let f = 28 - 16. Let y(r) = r**3 + 3*r**2 - 2*r + 1. What is the remainder when f is divided by y(-3)?
5
Let n = -3 + -1. Let w(k) = 2*k**2 + 6*k. What is the remainder when w(n) is divided by 5?
3
Let z = -6 + 8. Let w be 262/14 - 12/(-42). Suppose -3*m = -r + w, -32 = -6*r + 3*r + 4*m. What is the remainder when r is divided by z?
0
Let f(r) = -r**3 + 7*r**2 + 6*r + 4. What is the remainder when f(7) is divided by